s the remainder when z is divided by 37?
34
Let l(p) = -p**3 - 26*p + 15 + 20*p + 14*p + 11*p**2. Let v be l(11). Suppose 11 = -4*z + v. What is the remainder when 114 is divided by z?
22
Suppose -4*x - 8 = 0, 46 = -h + 4*x + 56. Calculate the remainder when 44 is divided by h.
0
Let o(c) = -2*c**3 + 5*c + 22. Let r be o(-7). Suppose -29*a + r - 151 = 0. What is the remainder when 102 is divided by a?
12
Suppose 4*h + c = 1646, -213 = 3*h + 3*c - 1434. Calculate the remainder when h is divided by 18.
17
Let w = 154 + -293. Let h = w - -203. Suppose -k + 2*k = 17. Calculate the remainder when h is divided by k.
13
Let o(t) = t**3 - 8*t**2 + 25*t - 76. Let a(c) = -c**2. Let f(l) = a(l) + o(l). Calculate the remainder when f(13) is divided by 103.
101
Suppose 4*g + 3*s = 2096, -1213*g + 1216*g = -3*s + 1575. What is the remainder when g is divided by 20?
1
Suppose 2*o = 21*q - 18*q + 389, -4*q - 394 = -2*o. Calculate the remainder when 707 is divided by o.
146
Suppose -30 = -18*p + 114. Calculate the remainder when (-536)/(-10) - 4/(-10) is divided by p.
6
Let c(b) = -b**3 + 10*b**2 + 222*b - 2245. Calculate the remainder when c(11) is divided by (-4 - 0)/(10/(-100)).
36
Suppose -213*s + 6789 + 133365 = 0. Calculate the remainder when s is divided by 128.
18
What is the remainder when 136/1700 + 444/75 is divided by 2?
0
Suppose -356*r = 23*r - 731549 + 82322. What is the remainder when r is divided by 30?
3
Suppose -4*h - 5*g = -338, 3*g - 48 = -66. What is the remainder when 367 is divided by h?
91
Suppose 10*l = 3*i + 5*l - 7, 2*i + 5*l - 13 = 0. Suppose -h = -5*j + 140 + 39, -h - 39 = -j. What is the remainder when j is divided by i?
3
Suppose 160*h - 244020 = -172*h. Calculate the remainder when h is divided by 224.
63
Suppose 805 = 23*u - 16*u. Let x = -109 + u. What is the remainder when (5 - 1)*33/12 is divided by x?
5
Calculate the remainder when (-13)/91 + 40830/42 + 1 + -2 is divided by 145.
101
Let m(y) = 16 + 22 - 8*y - 2*y - 10. Let i be m(-14). Suppose i = 27*b - 24*b. Calculate the remainder when b is divided by 12.
8
Let c = -402 + 406. Suppose c*l - 478 = 3*t - 143, 0 = 4*t + 4. What is the remainder when 161 is divided by l?
78
Let z = 17803 + -17700. Let q = 43 + -31. What is the remainder when z is divided by q?
7
Let u(l) = 11*l + 1. Let i be ((-6)/(-12))/((-3)/(-6)). Let h be u(i). Suppose 2*f + 2*f = h. Calculate the remainder when 20 is divided by f.
2
Suppose 4 = -t, 198 - 2642 = -4*v + 5*t. What is the remainder when v is divided by 26?
8
Let d be 136/34 + 18 + (3 - 2). What is the remainder when (-2)/d - (8760/(-230) - 6) is divided by 24?
20
Let n(m) = m**2 + 12*m - 23. What is the remainder when ((-306)/36)/(2/(-36)) is divided by n(-15)?
21
Suppose -z = -o - 15, 3*o - 3 - 64 = -5*z. Let l = 74 - -33. Suppose 2*d + d - 77 = 4*v, -4*d = -v - l. What is the remainder when d is divided by z?
13
Suppose m = 3*m - 4. What is the remainder when m/4 + 2/((-4)/(-45)) is divided by 6?
5
Let l(r) = 2*r**2 - 5*r + 25. Let x be l(-6). Let s = 162 - x. Calculate the remainder when s is divided by 18.
17
Let r(n) = -n**3 + 11*n**2 - 23*n + 18. Let g be r(9). Let j = -454 + 310. What is the remainder when (39/2*j/g)/2 is divided by 18?
16
Suppose -w - w + 6 = 0. Let b = 969 + -914. Suppose -b = w*z - 8*z. What is the remainder when 18 is divided by z?
7
Let h be ((-1)/4*3)/(126/(-336)). Suppose h*s + 27 = 5*b, -3*s - 8 = -3*b + 2*b. What is the remainder when 8 is divided by b?
3
Let k(s) = -s**2 - 11*s - 5. Suppose 3*h = -4*f - 14, f + 5 = 3*h - 6. Suppose -107*y - 2355 = -488*y - 1212. What is the remainder when k(f) is divided by y?
1
Suppose 46*t = 753 - 183 + 626. Suppose 120 = 2*n - n. What is the remainder when n is divided by t?
16
Suppose 5*f - 9 = -5*n + 6, 3*n + 6 = 0. Suppose f*u + 3*a = 115, -5*u = 4*a - 42 - 68. What is the remainder when u is divided by 1/(-3) - 124/(-12)?
6
Suppose 3*p = 3*u - 1033 + 2845, 5*u - 3*p = -3010. Let x = u - -641. What is the remainder when 165 is divided by x?
39
Suppose 0*c + 423 = 3*c. Let v = c - 83. Calculate the remainder when v is divided by 22.
14
Let p = 679 - 609. Suppose p*b = 72*b - 26. Suppose 3*v = 212 - 29. What is the remainder when v is divided by b?
9
Suppose a = 4*u - 9*u + 669, a = u - 129. Calculate the remainder when 144 is divided by u.
11
Let a(c) = -17*c**2 - 14*c + 51. Let p(r) = -6*r**2 - 5*r + 17. Let q(h) = -4*a(h) + 11*p(h). Calculate the remainder when q(-5) is divided by 15.
13
Let o(r) = 39*r**2 - 20*r - 19. Let z = -261 - -260. What is the remainder when o(z) is divided by 13?
1
Suppose 8*d = -11*d + 703. Suppose g - d = 39. What is the remainder when g is divided by 28?
20
Let w(v) = 2*v**3 - v**2 + 2*v. Suppose 0 = 2*q - a - 83 + 64, 0 = q + a - 14. What is the remainder when w(2) is divided by q?
5
Let p(h) = 2*h**2 - 3. Let t be p(-2). Let f = t + 0. Suppose 0 = -j - 4*z - 1, -j - f*z = 2. Calculate the remainder when 7 is divided by j.
1
Let t = -34 + 66. Let s = 15937 + -15780. What is the remainder when s is divided by t?
29
What is the remainder when (4/(64/(-948)))/(33/(-88)) is divided by 29?
13
Let c = -5839 + 5884. Calculate the remainder when 108 is divided by c.
18
Suppose -3*b + 6263 = -z, -b + 1054 + 1017 = 3*z. What is the remainder when b is divided by 51?
46
Let h(v) = v**3 + 7*v**2 - 7*v - 12. Let j be h(-8). Let r be 54/(-4)*(j - (2 - 4)). Suppose -4*m + r = 5*m. Calculate the remainder when m is divided by 19.
8
Let l = -2618 + 2708. What is the remainder when l is divided by 4?
2
Suppose 3*j - 23 - 94 = 0. Suppose -31 + j = n. Suppose 4*c - 3*f = n, -3*c + 8*c - 10 = -4*f. Calculate the remainder when 4 is divided by c.
0
Suppose x = 3*v - 11, -x + 31 - 2 = 5*v. Suppose 86 = -x*n + 270. What is the remainder when n is divided by 17?
12
Let c be 4 + 0 + -1 + -6. Let a be c + 7 + (-3 - (4 + 3)). Let h(t) = -2*t + 3. Calculate the remainder when 72 is divided by h(a).
12
Suppose 86*k - 24436 - 10580 = 1706. What is the remainder when k is divided by 106?
3
Let t(d) = d**2 + 12*d + 14. Let p be t(-8). Let v = p + 35. Calculate the remainder when 54 is divided by v.
3
Let g = 11498 + -10735. What is the remainder when g is divided by 44?
15
Let s = 132 - 129. Suppose 0*u = -3*u - s*j + 267, 5*j = -2*u + 175. Calculate the remainder when u is divided by 13.
12
Let t = -1901 + 1933. Let h(z) = z**3 - 15*z**2 - 10*z + 5. Calculate the remainder when h(16) is divided by t.
5
Let x(y) = -92*y**3. Calculate the remainder when ((-45)/(-10))/(462/37576) is divided by x(-1).
90
Suppose 0 = -v + 2*r + 14, -3*v - 2*v = 5*r - 40. What is the remainder when v is divided by (-28)/(-3) + (-5)/15?
1
Let h be 36/42 - 107328/21. Calculate the remainder when 4/18 + h/(-90) + -2 is divided by 9.
1
Suppose 4*f - 5*f = 30. What is the remainder when (-1984)/(-30) - 34/255 is divided by (2/1)/(54/f - -2)?
6
What is the remainder when 1251 is divided by (2 - -1)/(180/300)?
1
Let b(a) = a**3 - 3*a**2 + 3*a - 3. Let n be b(3). Suppose n*j = 14 + 28. Let l = j - -28. Calculate the remainder when 104 is divided by l.
34
What is the remainder when ((-5)/(-60)*279)/((-6)/(-88)) is divided by 53?
23
Let q be ((-8)/(-10))/((-3)/(-360)). Suppose 0 = 2*p - 2*f - 56, 5*p - 46 = 3*f + q. Calculate the remainder when 258 is divided by p.
26
Suppose 326*k + 5*s = 329*k - 10925, -5*s = 20. What is the remainder when k is divided by 65?
60
Suppose 64 = -88*g + 86*g. Let l = -62 - g. What is the remainder when 22 is divided by l/(-3)*(-4)/(-8)?
2
Let d = 126 - 64. What is the remainder when (1821000/168)/25 + 8/(-14) is divided by d?
61
Suppose -2*t = 3*t. Let r(w) = -4*w - 3 + 6*w + t*w - w. Calculate the remainder when 24 is divided by r(8).
4
Suppose 515085 = 34*u + 63*u - 964068. What is the remainder when u is divided by 124?
121
What is the remainder when 3486 is divided by 318/(-212) - 22/(-16) - 22308/(-32)?
1
Suppose -m + 0*c + 3*c + 11 = 0, 2*c = 3*m + 2. Calculate the remainder when 74 is divided by 1/m - 1015/(-140).
4
Suppose 5665 = 4*t + y + 5446, 0 = 2*t + y - 113. What is the remainder when t is divided by (-28)/(-6)*3/1?
11
Suppose c - 4*n + 7 = 16, 0 = 3*c + 4*n - 27. Calculate the remainder when 2122 is divided by c.
7
Let w(o) = -3*o + 26. Let q be w(8